{"id":8,"date":"2011-05-03T11:26:27","date_gmt":"2011-05-03T09:26:27","guid":{"rendered":"http:\/\/www.mcse-office.de\/wp\/?page_id=8"},"modified":"2024-07-11T10:06:27","modified_gmt":"2024-07-11T08:06:27","slug":"office-stephan-heidemann-der-onlinedozent-aus-goettingen","status":"publish","type":"page","link":"http:\/\/www.mcse-office.de\/?page_id=8","title":{"rendered":"Microsoft OFFICE"},"content":{"rendered":"<h2 style=\"text-align: center;\">Kompetente Schulungen in dem Bereich MS Office.<\/h2>\n<h2>Seit \u00fcber 30 Jahren unterrichte ich in den verschiedensten Branchen und Institutionen s\u00e4mtliche Programme aus dem Paket Microsoft Office.<\/h2>\n<h2>Eine gute Kenntnis und Erfahrung mit den Produkten ist die Voraussetzung f\u00fcr den effektiven Umgang mit diesen. Viele M\u00f6glichkeiten bleiben zu oft verschlossen. In der modernen Welt ist die Kenntnis \u00fcber das Zusammenspiel der Produkte untereinander oft entscheidend f\u00fcr ein zeitsparendes Arbeiten am Arbeitsplatz; eine Zeitersparnis um bis zu 75% ist m\u00f6glich!.<\/h2>\n<h1>Folgende EDV Kurse biete ich Ihnen gerne an:<\/h1>\n<h3><span style=\"color: #003366;\"><a title=\"MS Office Update\" href=\"http:\/\/www.mcse-office.de\/wp\/?page_id=117\"><span style=\"color: #003366;\">Office Update auf\u00a0 2019\/365\/2021<\/span><\/a><\/span><br \/>\n<span style=\"color: #003366;\"> <a title=\"pp\" href=\"http:\/\/www.mcse-office.de\/wp\/?page_id=20\"><span style=\"color: #003366;\">Powerpoint<\/span><\/a><\/span><br \/>\n<span style=\"color: #003366;\"> <a title=\"Microsoft Word\" href=\"http:\/\/www.mcse-office.de\/wp\/?page_id=48\"><span style=\"color: #003366;\">Word<\/span><\/a><\/span><br \/>\n<span style=\"color: #003366;\"> <a title=\"Microsoft Excel\" href=\"http:\/\/www.mcse-office.de\/wp\/?page_id=16\"><span style=\"color: #003366;\">Excel<\/span><\/a><\/span><br \/>\n<span style=\"color: #003366;\"> <a title=\"Microsoft Access\" href=\"http:\/\/www.mcse-office.de\/wp\/?page_id=90\"><span style=\"color: #003366;\">Access<\/span><\/a><\/span><br \/>\n<span style=\"color: #003366;\"> <a title=\"Microsoft Projekt\" href=\"http:\/\/www.mcse-office.de\/wp\/?page_id=106\"><span style=\"color: #003366;\">Outlook<\/span><\/a><br \/>\n<\/span><\/h3>\n<h3>Teams<\/h3>\n<h4><span style=\"color: #003366;\"><a title=\"Microsoft Projekt\" href=\"http:\/\/www.mcse-office.de\/wp\/?page_id=106\"><span style=\"color: #003366;\"><br \/>\nOneNote<br \/>\n<\/span><\/a><\/span><\/h4>\n","protected":false},"excerpt":{"rendered":"<p>Kompetente Schulungen in dem Bereich MS Office. Seit \u00fcber 30 Jahren unterrichte ich in den verschiedensten Branchen und Institutionen s\u00e4mtliche Programme aus dem Paket Microsoft Office. Eine gute Kenntnis und Erfahrung mit den Produkten ist die Voraussetzung f\u00fcr den effektiven &hellip; <a href=\"http:\/\/www.mcse-office.de\/?page_id=8\">Weiterlesen <span class=\"meta-nav\">&rarr;<\/span><\/a><\/p>\n","protected":false},"author":2,"featured_media":0,"parent":0,"menu_order":1,"comment_status":"closed","ping_status":"closed","template":"","meta":{"footnotes":""},"class_list":["post-8","page","type-page","status-publish","hentry"],"yoast_head":"<!-- This site is optimized with the Yoast SEO plugin v14.1 - https:\/\/yoast.com\/wordpress\/plugins\/seo\/ -->\n<meta name=\"description\" content=\"Microsoft Office Kurse - Online Schulungen Office Kurse Online Schulungen G\u00f6ttingen\" \/>\n<meta name=\"robots\" content=\"index, follow\" \/>\n<meta name=\"googlebot\" content=\"index, follow, max-snippet:-1, max-image-preview:large, max-video-preview:-1\" \/>\n<meta name=\"bingbot\" content=\"index, follow, max-snippet:-1, max-image-preview:large, max-video-preview:-1\" \/>\n<link rel=\"canonical\" href=\"http:\/\/www.mcse-office.de\/?page_id=8\" \/>\n<meta property=\"og:locale\" content=\"de_DE\" \/>\n<meta property=\"og:type\" content=\"article\" \/>\n<meta property=\"og:title\" content=\"Microsoft OFFICE - Microsoft Office Kurse - Online Schulungen\" \/>\n<meta property=\"og:description\" content=\"Microsoft Office Kurse - Online Schulungen Office Kurse Online Schulungen G\u00f6ttingen\" \/>\n<meta property=\"og:url\" content=\"http:\/\/www.mcse-office.de\/?page_id=8\" \/>\n<meta property=\"og:site_name\" content=\"Microsoft Office Kurse - Online Schulungen\" \/>\n<meta property=\"article:modified_time\" content=\"2024-07-11T08:06:27+00:00\" \/>\n<meta name=\"twitter:card\" content=\"summary_large_image\" \/>\n<script type=\"application\/ld+json\" class=\"yoast-schema-graph\">{\"@context\":\"https:\/\/schema.org\",\"@graph\":[{\"@type\":\"WebSite\",\"@id\":\"http:\/\/www.mcse-office.de\/#website\",\"url\":\"http:\/\/www.mcse-office.de\/\",\"name\":\"Microsoft Office Kurse - Online Schulungen\",\"description\":\"Meine Erfahrung f\\u00fcr Ihre Bildung - AUCH ONLINE SCHULUNGEN\",\"potentialAction\":[{\"@type\":\"SearchAction\",\"target\":\"http:\/\/www.mcse-office.de\/?s={search_term_string}\",\"query-input\":\"required name=search_term_string\"}],\"inLanguage\":\"de\"},{\"@type\":\"WebPage\",\"@id\":\"http:\/\/www.mcse-office.de\/?page_id=8#webpage\",\"url\":\"http:\/\/www.mcse-office.de\/?page_id=8\",\"name\":\"Microsoft OFFICE - Microsoft Office Kurse - Online Schulungen\",\"isPartOf\":{\"@id\":\"http:\/\/www.mcse-office.de\/#website\"},\"datePublished\":\"2011-05-03T09:26:27+00:00\",\"dateModified\":\"2024-07-11T08:06:27+00:00\",\"description\":\"Microsoft Office Kurse - Online Schulungen Office Kurse Online Schulungen G\\u00f6ttingen\",\"inLanguage\":\"de\",\"potentialAction\":[{\"@type\":\"ReadAction\",\"target\":[\"http:\/\/www.mcse-office.de\/?page_id=8\"]}]}]}<\/script>\n<!-- \/ Yoast SEO plugin. -->","_links":{"self":[{"href":"http:\/\/www.mcse-office.de\/index.php?rest_route=\/wp\/v2\/pages\/8","targetHints":{"allow":["GET"]}}],"collection":[{"href":"http:\/\/www.mcse-office.de\/index.php?rest_route=\/wp\/v2\/pages"}],"about":[{"href":"http:\/\/www.mcse-office.de\/index.php?rest_route=\/wp\/v2\/types\/page"}],"author":[{"embeddable":true,"href":"http:\/\/www.mcse-office.de\/index.php?rest_route=\/wp\/v2\/users\/2"}],"replies":[{"embeddable":true,"href":"http:\/\/www.mcse-office.de\/index.php?rest_route=%2Fwp%2Fv2%2Fcomments&post=8"}],"version-history":[{"count":26,"href":"http:\/\/www.mcse-office.de\/index.php?rest_route=\/wp\/v2\/pages\/8\/revisions"}],"predecessor-version":[{"id":448,"href":"http:\/\/www.mcse-office.de\/index.php?rest_route=\/wp\/v2\/pages\/8\/revisions\/448"}],"wp:attachment":[{"href":"http:\/\/www.mcse-office.de\/index.php?rest_route=%2Fwp%2Fv2%2Fmedia&parent=8"}],"curies":[{"name":"wp","href":"https:\/\/api.w.org\/{rel}","templated":true}]}}